{"id":152,"date":"2016-06-19T09:45:35","date_gmt":"2016-06-19T14:45:35","guid":{"rendered":"https:\/\/aaa-pw.com\/adq\/?page_id=152"},"modified":"2016-07-06T20:51:54","modified_gmt":"2016-07-07T01:51:54","slug":"seguridad-laboratorio","status":"publish","type":"page","link":"https:\/\/aaa-pw.com\/adq\/seguridad-laboratorio\/","title":{"rendered":"Seguridad Laboratorio"},"content":{"rendered":"<h2><span style=\"color: #33cccc;\">Dotaci\u00f3n\u00a0de Seguridad y Limpieza en Laboratorio<br \/>\n<\/span><br \/>\n<img loading=\"lazy\" decoding=\"async\" class=\"alignnone wp-image-154 size-full\" src=\"https:\/\/aaa-pw.com\/adq\/wp-content\/uploads\/2016\/06\/e1.png\" alt=\"Adequim: equipo y utensilios de seguridad\" width=\"700\" height=\"315\" srcset=\"https:\/\/aaa-pw.com\/adq\/wp-content\/uploads\/2016\/06\/e1.png 700w, https:\/\/aaa-pw.com\/adq\/wp-content\/uploads\/2016\/06\/e1-300x135.png 300w, https:\/\/aaa-pw.com\/adq\/wp-content\/uploads\/2016\/06\/e1-250x113.png 250w, https:\/\/aaa-pw.com\/adq\/wp-content\/uploads\/2016\/06\/e1-150x68.png 150w\" sizes=\"(max-width: 700px) 100vw, 700px\" \/><\/h2>\n<p style=\"text-align: justify;\">\u00a0ADEQUIM Porvee los kits, suministros, soluciones para\u00a0\u00a0limpieza en laboratorios. Tambi\u00e9n todo el equipo y dotaci\u00f3n para \u00a0la protecci\u00f3n del personal en laboratorio.<\/p>\n<blockquote><p><img loading=\"lazy\" decoding=\"async\" class=\"wp-image-156 size-medium alignleft\" src=\"https:\/\/aaa-pw.com\/adq\/wp-content\/uploads\/2016\/06\/extran-300x214.jpg\" alt=\"extran quimicos de limpieza\" width=\"300\" height=\"214\" srcset=\"https:\/\/aaa-pw.com\/adq\/wp-content\/uploads\/2016\/06\/extran-300x214.jpg 300w, https:\/\/aaa-pw.com\/adq\/wp-content\/uploads\/2016\/06\/extran-210x150.jpg 210w, https:\/\/aaa-pw.com\/adq\/wp-content\/uploads\/2016\/06\/extran-150x107.jpg 150w, https:\/\/aaa-pw.com\/adq\/wp-content\/uploads\/2016\/06\/extran.jpg 420w\" sizes=\"(max-width: 300px) 100vw, 300px\" \/><span style=\"color: #33cccc;\"><br \/>\n<\/span><\/p>\n<h3><span style=\"color: #33cccc;\">Merck Extran\u00ae\u00a0Soluciones\u00a0de limpieza.<\/span><\/h3>\n<p style=\"text-align: justify;\">Los limpiadores de laboratorio Extran\u00ae, bien reconocidos, son ideales para la limpieza de su equipo de laboratorio sin dejar residuos.<\/p>\n<\/blockquote>\n<blockquote>\n<h3><span style=\"color: #33cccc;\">Merck\u00a0Hy-lite\u00ae :\u00a0Control HACCP.<\/span><\/h3>\n<p style=\"text-align: justify;\">Hy-Lite, sistema de control de higiene. Lumin\u00f3metro completo con accesorios de uso port\u00e1til para la producci\u00f3n de\u00a0alimentos y bebidas para el monitoreo de higiene acorde a los requerimientos de la HACCP (Sistema de an\u00e1lisis de\u00a0Peligros y Puntos Cr\u00edticos de Control; Hazard Analysis and Critical Control Points; por sus sigla en ingl\u00e9s) de una forma\u00a0r\u00e1pida y segura.<br \/>\n<a href=\"https:\/\/aaa-pw.com\/adq\/wp-content\/uploads\/2016\/06\/hy-lite.pdf\" target=\"_blank\">Vea m\u00e1s informaci\u00f3n aqu\u00ed<\/a><\/p>\n<\/blockquote>\n<blockquote>\n<h4><span style=\"color: #33cccc;\">\u2022 Acidos, Bases y Sales. \u2022 S\u00edntesis Org\u00e1nica. \u2022 Indicadores de pH. \u2022 Patrones y Capa Fina. \u2022 Solventes para HPLC. \u2022 Reactivos para an\u00e1lisis UV, Trazas y Titrisoles. \u2022 Soluciones Volum\u00e9tricas. <\/span><\/h4>\n<\/blockquote>\n","protected":false},"excerpt":{"rendered":"<p>Dotaci\u00f3n\u00a0de Seguridad y Limpieza en Laboratorio \u00a0ADEQUIM Porvee los kits, suministros, soluciones para\u00a0\u00a0limpieza en laboratorios. Tambi\u00e9n todo el equipo y dotaci\u00f3n para \u00a0la protecci\u00f3n del personal en laboratorio. Merck Extran\u00ae\u00a0Soluciones\u00a0de limpieza. Los limpiadores de laboratorio Extran\u00ae, bien reconocidos, son ideales para la limpieza de su equipo de laboratorio sin dejar\u2026<\/p>\n<p class=\"continue-reading-button\"> <a class=\"continue-reading-link\" href=\"https:\/\/aaa-pw.com\/adq\/seguridad-laboratorio\/\">Mas Informaci\u00f3n<i class=\"crycon-right-dir\"><\/i><\/a><\/p>\n","protected":false},"author":1,"featured_media":0,"parent":0,"menu_order":0,"comment_status":"closed","ping_status":"closed","template":"templates\/template-twocolumns-right.php","meta":{"footnotes":""},"class_list":["post-152","page","type-page","status-publish","hentry"],"_links":{"self":[{"href":"https:\/\/aaa-pw.com\/adq\/wp-json\/wp\/v2\/pages\/152"}],"collection":[{"href":"https:\/\/aaa-pw.com\/adq\/wp-json\/wp\/v2\/pages"}],"about":[{"href":"https:\/\/aaa-pw.com\/adq\/wp-json\/wp\/v2\/types\/page"}],"author":[{"embeddable":true,"href":"https:\/\/aaa-pw.com\/adq\/wp-json\/wp\/v2\/users\/1"}],"replies":[{"embeddable":true,"href":"https:\/\/aaa-pw.com\/adq\/wp-json\/wp\/v2\/comments?post=152"}],"version-history":[{"count":10,"href":"https:\/\/aaa-pw.com\/adq\/wp-json\/wp\/v2\/pages\/152\/revisions"}],"predecessor-version":[{"id":259,"href":"https:\/\/aaa-pw.com\/adq\/wp-json\/wp\/v2\/pages\/152\/revisions\/259"}],"wp:attachment":[{"href":"https:\/\/aaa-pw.com\/adq\/wp-json\/wp\/v2\/media?parent=152"}],"curies":[{"name":"wp","href":"https:\/\/api.w.org\/{rel}","templated":true}]}}