{"id":79,"date":"2016-06-18T18:45:36","date_gmt":"2016-06-18T23:45:36","guid":{"rendered":"https:\/\/aaa-pw.com\/adq\/?page_id=79"},"modified":"2016-07-06T20:33:37","modified_gmt":"2016-07-07T01:33:37","slug":"cromatografia","status":"publish","type":"page","link":"https:\/\/aaa-pw.com\/adq\/cromatografia\/","title":{"rendered":"Cromatograf\u00eda"},"content":{"rendered":"<p style=\"text-align: justify;\">La cromatograf\u00eda anal\u00edtica se utiliza sistem\u00e1ticamente en la industria y en el \u00e1mbito acad\u00e9mico para separaci\u00f3n, cuantificaci\u00f3n e identificaci\u00f3n de compuestos qu\u00edmicos o biol\u00f3gicos. El an\u00e1lisis cromatogr\u00e1fico es tambi\u00e9n esencial en la producci\u00f3n de productos farmac\u00e9uticos, qu\u00edmicos o alimentos y bebidas.<br \/>\nMerck Millipore ofrece los mejores productos posibles para su investigaci\u00f3n. Aproveche nuestra experiencia y consiga resultados\u00a0r\u00e1pidos, fiables y reproducibles.<\/p>\n<blockquote><p><img loading=\"lazy\" decoding=\"async\" class=\"size-full wp-image-37 alignleft\" src=\"https:\/\/aaa-pw.com\/adq\/wp-content\/uploads\/2016\/06\/eq-Chromasterr.jpg\" alt=\"HITACHI HPLC\" width=\"230\" height=\"176\" \/><\/p>\n<h3><span style=\"color: #33cccc;\">Chromaster\u00ae Hitachi, Sistema HPLC.<\/span><\/h3>\n<p style=\"text-align: justify;\">El sistema Chromaster de Hitachi y VWR ofrece resultados muy fiables gracias a la alta precisi\u00f3n de la bomba, la baja contaminaci\u00f3n y la alta precisi\u00f3n del inyector autom\u00e1tico, la estabilidad del horno de columna y la sensibilidad de los detectores.<br \/>\n<a href=\"https:\/\/aaa-pw.com\/adq\/wp-content\/uploads\/2016\/06\/M_HITACHI_CHROMASTER.pdf\" target=\"_blank\">Aqu\u00ed m\u00e1s informaci\u00f3n\u00a0Chromaster\u00ae Hitachi.<\/a><\/p>\n<\/blockquote>\n<p>&nbsp;<\/p>\n<blockquote><p><img loading=\"lazy\" decoding=\"async\" class=\"size-medium wp-image-36 alignleft\" src=\"https:\/\/aaa-pw.com\/adq\/wp-content\/uploads\/2016\/06\/columnas24.jpg\" alt=\"Columnas HPLC\" width=\"300\" height=\"178\" \/><span style=\"color: #33cccc;\"><br \/>\n<\/span><\/p>\n<h3><span style=\"color: #33cccc;\">HPLC Anal\u00edtica<\/span><\/h3>\n<p style=\"text-align: justify;\">Asegure una precisi\u00f3n absoluta en sus an\u00e1lisis con nuestras columnas y herramientas de gran calidad para HPLC.<br \/>\n<a href=\"https:\/\/www.merckmillipore.com\/CO\/es\/products\/analytics-sample-prep\/chromatography-for-analysis\/analytical-hplc\/PQyb.qB.qbQAAAE_VOR3.Lxi,nav\" target=\"_blank\">Aqu\u00ed m\u00e1s informaci\u00f3n<\/a><\/p>\n<\/blockquote>\n<blockquote><p><img loading=\"lazy\" decoding=\"async\" class=\"wp-image-128 size-medium alignleft\" src=\"https:\/\/aaa-pw.com\/adq\/wp-content\/uploads\/2016\/06\/LE-TLC-Plates-300x157.jpg\" alt=\"PLACAS TLC Y HPLC\" width=\"300\" height=\"157\" srcset=\"https:\/\/aaa-pw.com\/adq\/wp-content\/uploads\/2016\/06\/LE-TLC-Plates-300x157.jpg 300w, https:\/\/aaa-pw.com\/adq\/wp-content\/uploads\/2016\/06\/LE-TLC-Plates-250x131.jpg 250w, https:\/\/aaa-pw.com\/adq\/wp-content\/uploads\/2016\/06\/LE-TLC-Plates-150x78.jpg 150w, https:\/\/aaa-pw.com\/adq\/wp-content\/uploads\/2016\/06\/LE-TLC-Plates.jpg 650w\" sizes=\"(max-width: 300px) 100vw, 300px\" \/><span style=\"color: #33cccc;\"><br \/>\n<\/span><\/p>\n<h3><span style=\"color: #33cccc;\">TLC y HPTLC, Placas.<\/span><\/h3>\n<p style=\"text-align: justify;\">Benef\u00edciese de separaciones incomparables con placas de TLC que ofrecen una excelente adherencia, dureza y homogeneidad de superficie.<br \/>\n<a href=\"https:\/\/aaa-pw.com\/adq\/wp-content\/uploads\/2016\/06\/Merck_Placas.pdf\" target=\"_blank\">Consulte aqu\u00ed cat\u00e1logo<\/a><\/p>\n<\/blockquote>\n<blockquote><p><img loading=\"lazy\" decoding=\"async\" class=\"size-medium wp-image-36 alignleft\" src=\"https:\/\/aaa-pw.com\/adq\/wp-content\/uploads\/2016\/06\/hplc.jpg\" alt=\"Disolventes fases moviles\" width=\"300\" height=\"178\" \/><span style=\"color: #33cccc;\"><br \/>\n<\/span><\/p>\n<h3><span style=\"color: #33cccc;\">Fases M\u00f3viles.<\/span><\/h3>\n<p style=\"text-align: justify;\">Disolventes de gran pureza para todas las aplicaciones: cromatograf\u00eda l\u00edquida, LCMS, cromatograf\u00eda preparativa y HPLC anal\u00edtica.<br \/>\n<a href=\"https:\/\/www.merckmillipore.com\/CO\/es\/products\/analytics-sample-prep\/chromatography-for-analysis\/mobile-phases-for-chromatography\/9Jeb.qB.ZLwAAAE_lwd3.Lxj,nav\" target=\"_blank\">Aqu\u00ed m\u00e1s informaci\u00f3n<\/a><\/p>\n<\/blockquote>\n<blockquote><p>&nbsp;<\/p>\n<h3><span style=\"color: #33cccc;\">Cromatograf\u00eda de Gases.<\/span><\/h3>\n<p style=\"text-align: justify;\">Explore nuestros reactivos de derivatizaci\u00f3n, sustancias de referencia, adsorbentes y fases estacionarias l\u00edquidas para GC.<br \/>\n<a href=\"https:\/\/www.merckmillipore.com\/CO\/es\/products\/analytics-sample-prep\/chromatography-for-analysis\/gas-chromatography-gc\/txub.qB.1jwAAAE_oOt3.Lxi,nav\" target=\"_blank\">Aqu\u00ed m\u00e1s informaci\u00f3n<\/a><\/p>\n<\/blockquote>\n<blockquote><p><span style=\"color: #33cccc;\"><br \/>\n<\/span><\/p>\n<h3><span style=\"color: #33cccc;\">Cromatograf\u00eda I\u00f3nica<\/span><\/h3>\n<p style=\"text-align: justify;\">Consiga gran sensibilidad y bajo ruido de fondo en la cromatograf\u00eda ani\u00f3nica con nuestro sistema supresor SeQuant\u00ae SAMS &amp; CARS.<br \/>\n<a href=\"https:\/\/www.merckmillipore.com\/CO\/es\/products\/analytics-sample-prep\/chromatography-for-analysis\/ion-chromatography\/90Sb.qB.o64AAAE_F_Z3.Lxi,nav\" target=\"_blank\">Aqu\u00ed m\u00e1s informaci\u00f3n<\/a><\/p>\n<\/blockquote>\n<blockquote>\n<h4><span style=\"color: #33cccc;\">\u2022 Indicadores de pH. \u2022 Patrones y Capa Fina. \u2022 Solventes para HPLC. \u2022 Reactivos para an\u00e1lisis UV, Trazas y Titrisoles. \u2022 Soluciones Volum\u00e9tricas. <\/span><\/h4>\n<\/blockquote>\n","protected":false},"excerpt":{"rendered":"<p>La cromatograf\u00eda anal\u00edtica se utiliza sistem\u00e1ticamente en la industria y en el \u00e1mbito acad\u00e9mico para separaci\u00f3n, cuantificaci\u00f3n e identificaci\u00f3n de compuestos qu\u00edmicos o biol\u00f3gicos. El an\u00e1lisis cromatogr\u00e1fico es tambi\u00e9n esencial en la producci\u00f3n de productos farmac\u00e9uticos, qu\u00edmicos o alimentos y bebidas. Merck Millipore ofrece los mejores productos posibles para su\u2026<\/p>\n<p class=\"continue-reading-button\"> <a class=\"continue-reading-link\" href=\"https:\/\/aaa-pw.com\/adq\/cromatografia\/\">Mas Informaci\u00f3n<i class=\"crycon-right-dir\"><\/i><\/a><\/p>\n","protected":false},"author":1,"featured_media":0,"parent":0,"menu_order":0,"comment_status":"closed","ping_status":"closed","template":"templates\/template-twocolumns-right.php","meta":{"footnotes":""},"class_list":["post-79","page","type-page","status-publish","hentry"],"_links":{"self":[{"href":"https:\/\/aaa-pw.com\/adq\/wp-json\/wp\/v2\/pages\/79"}],"collection":[{"href":"https:\/\/aaa-pw.com\/adq\/wp-json\/wp\/v2\/pages"}],"about":[{"href":"https:\/\/aaa-pw.com\/adq\/wp-json\/wp\/v2\/types\/page"}],"author":[{"embeddable":true,"href":"https:\/\/aaa-pw.com\/adq\/wp-json\/wp\/v2\/users\/1"}],"replies":[{"embeddable":true,"href":"https:\/\/aaa-pw.com\/adq\/wp-json\/wp\/v2\/comments?post=79"}],"version-history":[{"count":16,"href":"https:\/\/aaa-pw.com\/adq\/wp-json\/wp\/v2\/pages\/79\/revisions"}],"predecessor-version":[{"id":252,"href":"https:\/\/aaa-pw.com\/adq\/wp-json\/wp\/v2\/pages\/79\/revisions\/252"}],"wp:attachment":[{"href":"https:\/\/aaa-pw.com\/adq\/wp-json\/wp\/v2\/media?parent=79"}],"curies":[{"name":"wp","href":"https:\/\/api.w.org\/{rel}","templated":true}]}}